on factor of 152 and w?
38
Suppose -1426*q + 1415*q + 297 = 0. Let i be 5/(10/(-4)) + 218. What is the greatest common divisor of q and i?
27
Suppose 68*o - 819 = 59*o. Calculate the greatest common divisor of 2912 and o.
91
Suppose 5*y = 4646 + 8099. Suppose 669 = -4*c + y. Suppose -3*q - 4*i = -c, 0*q - 2*i = -3*q + 494. What is the greatest common factor of 18 and q?
18
Let v be ((-4)/8)/((-4)/136). Suppose -7*f + 4 = -v. Suppose -48 = -f*m - 3*m. Calculate the highest common factor of 24 and m.
8
Suppose -4*u = -5*z - 31, -3*z - 13 = -u - 7*z. Let t(w) = 3*w**2 - 85*w + 41. Let i be t(29). Calculate the highest common divisor of u and i.
9
Suppose 4*i + 19 = 59*l - 58*l, l - 21 = 5*i. What is the greatest common divisor of 1001 and l?
11
Let m(v) = -v**2 + 9*v + 24. Let h be m(9). Suppose -19 = -3*w + 5. Calculate the highest common divisor of h and w.
8
Let j = -201 - -489. What is the greatest common factor of j and 32?
32
Let c be 4/(-26) - 1176/(-39). Let f be 3/(-5) - 2/5. Let v be f + 13 + 0/2. Calculate the highest common factor of v and c.
6
Let q be -18*(-4 + (-21)/(-9)). What is the highest common factor of 10 and q?
10
Let o = 5 + 0. Let d = 35 - 35. Suppose d = -o*v + 7 + 8. Calculate the greatest common divisor of v and 33.
3
Let j(k) = 42*k - 47. Let u be j(-11). Let w = -333 - u. Calculate the highest common factor of 16 and w.
16
Let s = -571 + 591. What is the greatest common factor of 210 and s?
10
Let x(o) = 5*o - 31. Suppose 3*c + 2*v + 46 = 6*c, 0 = 3*v + 6. Let u be x(c). Calculate the greatest common divisor of 3 and u.
3
Suppose 0 = 3*h + 2*h + 45. Let x be (-888)/(-108) + 2/h. Let d = x + 14. What is the highest common divisor of 88 and d?
22
Let a = 161 - -28. Suppose -4*c = -a + 49. Let f be 3*(-28)/(-6) - 0. What is the highest common factor of f and c?
7
Let h be (2 + (0 - 2))/(-1). Suppose -2*d + 4*d - 182 = h. Suppose -30 = -2*c + g, 52 = 5*c + 5*g + 7. Calculate the highest common divisor of d and c.
13
Let l be (-4)/20 + ((-192)/15)/(-4). Suppose j = l + 1. Calculate the highest common factor of j and 4.
4
Let y = -21 + 21. Suppose 5*t + 3 - 63 = y. What is the greatest common factor of 42 and t?
6
Let k(l) = 10*l**3 + l**2 + l + 1. Let d be k(-1). Let z = -5 - d. Calculate the highest common divisor of 16 and z.
4
Let i = 140 + -113. Calculate the greatest common factor of i and 837.
27
Suppose 0 = -5*n - 3*o + 191, -3*n + 3*o - 80 = -5*n. Let c be 2 + -2 + 108 + 6 + -3. What is the greatest common divisor of c and n?
37
Suppose -2*g = -2*w + 2, 8*w - 11*w = g - 11. Let q = 4 + 20. What is the highest common factor of w and q?
3
Let s be -30*6/(-30)*5. What is the highest common factor of s and 740?
10
Let h be 3294/117 + -3 - (-4)/(-26). Calculate the highest common divisor of h and 400.
25
Let p = 28 - 2. Let u = p + -16. Let l(f) = -f**2 - 4*f - 3. Let s be l(-2). What is the greatest common factor of u and s?
1
Let q be (-6)/10 + (-78)/(-30). Suppose -u = -q*u + 11. Calculate the greatest common divisor of 11 and u.
11
Let m be 335/65 + (-6)/39. Suppose -o - l = -6*l - 44, 3*o - m*l = 172. What is the highest common divisor of o and 160?
32
Suppose 3*z = -3*j + 84, z - 10 - 8 = 4*j. Let c(m) = -58*m + 2. Let y be c(-4). Calculate the greatest common divisor of z and y.
26
Let x = -30 + 10. Let o be (x/(-15))/((4/6)/1). What is the greatest common divisor of 1 and o?
1
Let j(a) = 10*a**2 - 10*a - 85. Let m be j(-7). Calculate the highest common divisor of 25 and m.
25
Suppose 2*z - 10 = -c, -c + 12 = 2*c - 3*z. Let k = -111 - -158. Let y = k + -17. Calculate the highest common divisor of c and y.
6
Let y(j) = 46*j**2 - 7*j - 3. Let p(r) = -r. Let i(g) = -4*p(g) + y(g). Let f be i(-3). Suppose f = 7*b - b. What is the highest common factor of 10 and b?
10
Let q(a) = a**2 + 4. Let t be q(3). Calculate the highest common factor of t and 611.
13
Let g be (-50)/6*(-1)/5*33. What is the greatest common divisor of 264 and g?
11
Suppose -p + 5*f + 394 = 0, 4*p + f - 1538 = 2*f. Calculate the highest common factor of p and 120.
24
Let v = 90 + -82. Let u be 6*v/4 + 4. What is the greatest common divisor of 48 and u?
16
Let v be ((-29)/(-4))/((-3)/(-108)). What is the highest common divisor of 9 and v?
9
Let w(m) = m**2 - 15*m - 41. Let x be w(19). Suppose x*u - 34*u - 14 = 0. Calculate the highest common factor of u and 42.
14
Suppose -12*g - 9 = -21*g. Calculate the highest common factor of 25 and g.
1
Let v(y) = -y**2 + 12*y - 14. Let r be v(8). Calculate the highest common factor of r and 18.
18
Let n be 7/14 + (215/(-2))/(-5). Suppose -4*k - b = -118, -k - 3*b + n = -2. Calculate the greatest common divisor of k and 105.
15
Suppose 306 = 6*s + 198. Let o = -7 + 11. Suppose 0*q - o*q - 2*h + 18 = 0, 5*h = 2*q + 21. What is the greatest common factor of s and q?
2
Let t = 98 - 21. Suppose 3*h + 25 = 4*h - 3*y, 5*h = -y + t. Suppose -2*v = -v - 40. Calculate the greatest common factor of h and v.
8
Suppose -10*q + 60 = -60. Let m = q - -2. Calculate the greatest common divisor of m and 63.
7
Let z be (-3)/((-21)/14*4/6). Let u be 177/(9/z) + -2 + 0. What is the highest common factor of 171 and u?
57
Suppose -13*v = 4*h - 18*v - 1301, -322 = -h - 2*v. Calculate the highest common factor of h and 12.
12
Suppose 2*q + 2 = 2*n, 0*q - q = n - 9. Let k(h) = h**2 - 3*h - 8. Let b be k(5). Suppose 0 = b*s + 7 - 47. What is the highest common divisor of s and n?
5
Let c be 20/12*(7 - -53). Calculate the greatest common divisor of c and 4.
4
Let d be 5/(-10)*10/(-1). Suppose -4*t - 230 = -27*t. What is the highest common factor of d and t?
5
Suppose -13*f - 55 + 16 = 0. Let o be (-13)/(-8) - f/8. What is the greatest common factor of o and 8?
2
Let k(i) = -11*i - 26. Let s be k(-10). Let q(x) = -x**3 - 17*x**2 - x + 25. Let a be q(-17). Calculate the greatest common factor of s and a.
42
Let r(p) = -p - 21. Let y be r(-11). Let t(w) = -4*w - 21. Let m be t(y). What is the greatest common divisor of m and 19?
19
Let s = -3305 - -3317. Suppose 4*h = 4*f + 8 - 44, 2*h + 2 = -2*f. What is the highest common factor of s and f?
4
Suppose 0*t + 5*t - 75 = 5*y, -3*t - 5*y = -21. What is the greatest common divisor of t and 152?
4
Let b(i) = i + 3. Let s(p) = -p - 1. Let c(q) = 3*b(q) + 12*s(q). Let w be c(-2). Calculate the greatest common factor of 15 and w.
15
Suppose -5*u + r + 459 = -146, 0 = 2*u - 3*r - 255. Suppose 0 = -4*q + 16 + 44. What is the greatest common divisor of q and u?
15
Let t(r) = -122*r - 962. Let v be t(-8). What is the greatest common divisor of v and 1358?
14
Let t(i) = -i**2 - 13*i + 42. Let r be t(-15). Calculate the highest common factor of 18 and r.
6
Suppose -3*m + 56 = 20. Let s = m + -12. Let n = s + 4. What is the greatest common divisor of 36 and n?
4
Let m be 28*1*((-415)/(-35) + -11). Calculate the greatest common factor of 516 and m.
12
Let i = -4 + 5. Let w be (1 + 0)*(6 - i). Suppose 3*g = w*b - 65, 4*g + 55 = 3*b - g. Calculate the highest common divisor of 40 and b.
10
Let h = -96 + 109. Let r be (h/(-7) + 1)/(9/(-189)). What is the highest common divisor of r and 54?
18
Let o = 263 + -128. Suppose -3*x + 4*c + o = 0, -4*x = -0*x - 3*c - 180. Let y be 0 + 12/4 + x. Calculate the greatest common divisor of 72 and y.
24
Let w = -12 + 34. Suppose 0 = 3*k - 29 - w. Let o = 30 - k. What is the highest common factor of o and 91?
13
Let d = 30 - 28. Suppose 3*z - 5*h - 744 = 0, 247 = 2*z - z - d*h. Let i = 18 - -5. Calculate the greatest common factor of z and i.
23
Let b = 448 - -25. Calculate the highest common divisor of 11 and b.
11
Let b = -1343 + 1371. Let v = 191 - 107. Calculate the greatest common divisor of v and b.
28
Suppose 568*t + 533 = 569*t. What is the greatest common factor of 26 and t?
13
Let b be 1/(-2) - (-105)/30. Suppose -b*i + 2*c = -c - 72, 0 = 5*i + 3*c - 88. What is the highest common factor of i and 100?
20
Let c = -547 + 569. What is the highest common divisor of c and 275?
11
Let u = 3 - 2. Let s(p) = 8*p**2 + p - 1. Let q be s(u). Let w = 24 + q. What is the greatest common divisor of 16 and w?
16
Let v = 291 + -51. What is the greatest common factor of v and 15?
15
Let p(t) = -4*t**2 + 22*t + 7. Let v be p(5). Calculate the greatest common divisor of v and 13